*x + 153*x. What is the units digit of x?
8
Suppose 14*y - 70 = 49*y. What is the units digit of (-426)/y + 7 + -4?
6
Suppose -2*a = 2*h + 548, 5*h + 0*h = -a - 282. Let g be 5*7/((-70)/a). Suppose 2*l + l - 201 = 3*t, t = 2*l - g. What is the units digit of l?
9
Let p(c) = 5*c**2 + 11*c - 339. What is the hundreds digit of p(18)?
4
Let r(k) = -3*k - 68. Let s be r(-26). Suppose -s*h = -1269 - 1291. What is the tens digit of h?
5
Let q(s) = 3*s**2 - 61*s + 206. What is the thousands digit of q(51)?
4
Let k(z) = 10*z + 5. Let l be k(4). Suppose -2*i + 5*f - 80 = 0, -2*i - 181 = 3*i - 3*f. Let w = l - i. What is the tens digit of w?
8
Let h = 51 + -46. Suppose 7*r - h = 3*r + 5*j, -4*j - 4 = 0. Suppose 85*g - 81*g - 188 = r. What is the units digit of g?
7
Suppose 2307 - 696 = 3*x. Let y = -481 + x. What is the units digit of y?
6
Let b(h) = -2000*h**3 + h**2 + 8*h + 9. What is the hundreds digit of b(-2)?
9
Let d = -499 - -2730. What is the units digit of d?
1
Suppose 64 + 53 = -13*j. Let x(n) = -44*n + 105. What is the units digit of x(j)?
1
Let i(a) = 1855*a - 849. What is the ten thousands digit of i(9)?
1
Let o = -9 + 7. Let h(x) = -17*x + 0 - 3 + 6*x - 16*x. What is the units digit of h(o)?
1
Suppose -7*w + 197 - 309 = 0. What is the hundreds digit of -456*((-31)/186)/((-2)/w)?
6
Let l be 1*-547*4*(-2)/8. Suppose 0 = -v - 5, 5*v - v = -3*z + l. Let r = z - 86. What is the hundreds digit of r?
1
Let w = -568 + 660. Suppose -3*n = -5*n + 6. What is the tens digit of n + -1 + (w - (-3 + 0))?
9
Let v(i) = 14*i**2 + 13*i + 9. Let h(k) = -21*k**2 - 19*k - 14. Let u(t) = 5*h(t) + 8*v(t). What is the tens digit of u(-5)?
3
Suppose 4*z - 5*j = -j - 12, -1 = -3*z + j. Suppose -3*a + 5*b + 875 = 0, -2 = z*a - 3*b - 585. What is the hundreds digit of a?
2
Let l(x) = 10*x - 9. Let o = -23 - -31. Let d be (o - 2)/((-9)/(-6)). What is the units digit of l(d)?
1
Let n(a) = a**3 - 44*a**2 + 9*a + 125. Let u be n(42). Let g = 4336 + u. What is the tens digit of g?
1
Let n = -432 - -18. Let x = 778 + n. Suppose 0 = -3*j + j - 2*l + x, 2*l = -3*j + 546. What is the tens digit of j?
8
Suppose -2*x + 49 = 1. Suppose -22*t - 1022 = -x*t. What is the tens digit of t?
1
Let p = 88 - 84. Suppose -4319 = -v - 4*v - f, f = p*v - 3457. Suppose -12*s = -4*s - v. What is the units digit of s?
8
Let k(b) = 7 + 66 - 7 - b**3 + 6 - 2*b**2. Suppose -6 = -3*f + 3*s - 6*s, -s + 2 = 5*f. What is the units digit of k(f)?
2
Suppose 0 = 4*m + o - 92, -56 - 20 = -4*m - 5*o. What is the units digit of (-1859)/(-3) + -2*8/m?
9
Let c(x) = -11*x - 1. Let h be c(-1). Suppose 3*k = -3*a + 8 + 4, -3*a + h = 2*k. What is the units digit of (-588)/(-10) - -1 - k/(-10)?
0
What is the tens digit of ((-7292)/(-10))/(9/135) - -1?
3
Let f(n) = n**3 - 3*n**2 + 3*n - 11. Let g be f(-5). Let v = g + 264. What is the tens digit of v?
3
Let i = -11492 - -20842. What is the units digit of i?
0
Let o(c) = 40*c - 58*c - 102 + 38*c. What is the hundreds digit of o(29)?
4
Let l(b) = -b**2 - 7*b - 6. Let i be l(-4). Let j(k) = 8*k**2 + 8*k - 58. What is the tens digit of j(i)?
7
Let f = 11229 + -3439. Suppose 375*s - f = 365*s. What is the hundreds digit of s?
7
Let z(c) = c**3 + 40*c**2 + 122*c - 32. What is the hundreds digit of z(-35)?
8
Suppose -4*q + 28 = -0*q - 2*s, -q + 3*s + 17 = 0. Let h be 345/(-6)*((-81)/q - -1). Suppose h - 250 = 8*r. What is the tens digit of r?
7
Let j(m) = m**3 + 8*m**2 - 20*m. Let s be j(-10). Suppose -8 = -3*a - 11. What is the units digit of ((s - 8)*16)/(0 + a)?
8
Let q = 1476 - 751. Let h = q + -260. What is the units digit of h?
5
Let r(q) = 2*q**2 - 8*q - 43. Let w = 9 + 11. What is the units digit of r(w)?
7
Let d(q) = -q**2 + 11*q + 28. Let v(s) = 18*s - 23. Let h be v(2). What is the units digit of d(h)?
2
Let c = 4 + -1. Let x(n) = n + 3. Let z be x(-1). Suppose 3*r - 4*r + 4*d + 103 = 0, -349 = -c*r + z*d. What is the tens digit of r?
1
What is the thousands digit of (-20)/8*(-1)/(5/9110)?
4
Suppose -a = -0*s + 4*s + 912, -3*s - 683 = a. Let h = 975 + s. What is the units digit of h?
6
Suppose 76 = 4*r + 5*x - 17576, 22065 = 5*r - x. What is the tens digit of r?
1
Let w(r) = -r**3 + 23*r**2 - 20*r + 16. Suppose -l - 5 = 0, -2*f = f + l + 8. Let i be (132/30)/(f/(-5)). What is the tens digit of w(i)?
6
Let h = -38096 - -65879. What is the ten thousands digit of h?
2
Let t(c) = 4*c + 8. Let q be t(-1). Suppose -5*k = 3*y - 121, 5*y - q*k = 3*y + 88. What is the tens digit of y?
4
Let z = -94047 + 151469. What is the units digit of z?
2
Suppose -14 = -2*t - 2. Suppose t*f - f - 1100 = 0. Suppose 143 = 3*i - f. What is the units digit of i?
1
Let q be ((-16)/(-2))/(168/273). Suppose -8 = -3*v + v. Suppose 2*r + 4*n - 36 = 50, r - v*n = q. What is the tens digit of r?
3
Let g = 6406 - 3680. What is the tens digit of g?
2
Let h(q) be the first derivative of -5*q**2/2 - 23*q + 13. Let i(f) = -4*f - 23. Let v(y) = 3*h(y) - 2*i(y). What is the units digit of v(-6)?
9
Suppose -171*g + 983877 + 1730991 + 1453428 = 0. What is the units digit of g?
6
Let y(v) = 3*v**3 + 5*v**2 + 12*v + 2. Let c be y(-4). Let t = c + 307. Let h = 18 + t. What is the tens digit of h?
6
Let h(u) = -u + 122. Let t be h(-19). Suppose -324*i = -327*i + t. What is the tens digit of i?
4
Let w = 194 - 189. Suppose l = -w*r + 8*r + 759, 6 = 3*r. What is the hundreds digit of l?
7
Suppose -6*n - 2952 = 18*n. Let v = n - -677. What is the hundreds digit of v?
5
Let s(r) = r**3 - 43*r**2 - 68*r + 1157. What is the ten thousands digit of s(57)?
4
Let s be ((-8)/6)/((-21602)/(-5397) - 4). Let w = s - -1010. What is the hundreds digit of w?
4
Suppose -4*b = 2*j, -4 = -5*j + b + 18. Suppose -2*k = -5*r - 235, 16*k - 18*k + j*r + 234 = 0. What is the hundreds digit of k?
1
Let b(k) = 841*k**3 + 8*k**2 - 10*k + 2. Let o be b(1). Let a = 263 + o. What is the hundreds digit of a?
1
Suppose -3*b = 2*b + 680. Suppose -3*h - 573 = -3*k, k = 2*h + 68 + 119. Let f = b + k. What is the units digit of f?
9
Suppose -4*v - 54 = -5*l, -46 = -3*l - 13*v + 12*v. Suppose -l*m = -5*m - 8694. What is the tens digit of m?
6
Suppose -5457 - 1038 = -15*i. What is the hundreds digit of i?
4
Let q = 88 + -86. Suppose -b - 2 = -2*n + q, b = -2*n + 8. Suppose -n*o - m + 422 = 0, o - 4*m = 100 + 19. What is the hundreds digit of o?
1
Let i(l) = -l**2 - 3*l + 18. Let u be i(3). What is the hundreds digit of -453*(u + 3)/(-3)?
4
What is the tens digit of ((27112/(-5))/2)/(0 + (-17)/85)?
5
Let h(p) = -26*p - 41. Let n be h(-14). Suppose -4*q = 20, q + 0*q + n = 3*f. What is the hundreds digit of f?
1
Let k(b) = 3*b**3 - 8*b**2 - 5*b + 6. Let a be k(3). Suppose -1439 = -5*r - x, -2*r + x + 4*x + 554 = a. What is the units digit of r?
7
Suppose -7*b - 13160 = b. What is the tens digit of (b/(-10))/(4/8)?
2
Suppose b = 2*h - 324 - 386, 0 = -4*h - 2*b + 1428. Let c = h - 248. What is the hundreds digit of c?
1
What is the tens digit of 53*20/(-15)*-6?
2
Suppose 10*l - 172045 = 5*a, 4*l = 5*a + 13165 + 55668. What is the hundreds digit of l?
2
Let n be 38/8 + (-8)/(-32)*5. Suppose -m + n*m = -4*h + 1530, 0 = -m + 5*h + 335. What is the units digit of m?
0
Let b = -69 - -444. Suppose 4*m + b = 1335. Let q = m - 110. What is the tens digit of q?
3
Suppose -5*i = 22*i - 26838. What is the units digit of i?
4
Let w(l) = 15*l**2 - 157*l - 1598. What is the hundreds digit of w(-10)?
4
Suppose -37*c + 281262 = -356803. What is the ten thousands digit of c?
1
Suppose -4*r - 3*r + 247722 = 17338. What is the hundreds digit of r?
9
Let k be (24/(-72))/((-1)/1767). Suppose -815 = -3*m - 4*i + 942, m = -3*i + k. What is the units digit of m?
3
Let g = -117 - -121. Suppose -3*i + g*c + 4 = 3*c, -5*c + 19 = -2*i. Suppose 0 = -i*q + 225 + 57. What is the units digit of q?
4
Suppose 2720 = -4*x + 8*x. Let c = x - 222. What is the tens digit of c?
5
Let l = -242051 + 169898. What is the tens digit of 5/(7 + l/10314)?
4
Suppose -12*h + 20385 + 4479 = 0. Let j = h - 874. What is the thousands digit of j?
1
Let a be 1/9 + (-4218)/54. Let l = 64 + a. Let k = l - -79. What is the units digit of k?
5
Let m = -17525 - -28251. What is the units digit of m?
6
Let d(l) = l**3 + 51*l**2 + 36*l + 592. What is the thousands digit of d(-42)?
4
Suppose 6*v - 22*v - 32